actors of v?
13, 269
Let v = 95 + -93. Let f = 7 - v. Suppose 2*s - 254 = u - f*u, 2*u + 341 = 3*s. List the prime factors of s.
3, 13
Let q = -77 + 85. What are the prime factors of 10128/15 - q/(-10)?
2, 13
Let d(y) be the third derivative of y**5/60 + 13*y**4/8 + 113*y**3/3 - 4*y**2 - 3*y. List the prime factors of d(-53).
2, 11
Let h = 23379 + -3417. List the prime factors of h.
2, 3, 1109
Let a(d) = -d**3 - 81*d**2 - 511*d + 29. List the prime factors of a(-75).
2, 1151
Let g = 17153 - 3543. List the prime factors of g.
2, 5, 1361
Let a(n) = 732*n + 1. What are the prime factors of a(3)?
13
Let y be (3 + (-28)/5 + 1)*5. Let i be 207*y/6*2/(-4). Suppose -u + i = -0*u. What are the prime factors of u?
2, 3, 23
Suppose -40 = 9*k - 13*k. Let u = 10 - k. Suppose 2*d - 460 = -3*h, 2*h + u*d = -2*d + 304. What are the prime factors of h?
2, 3, 13
Suppose 5*x + n - 3*n - 168 = 0, -x = 3*n - 37. Suppose 4*q = -q - 25. Let l = x + q. What are the prime factors of l?
29
Let r(z) = -311*z**2 - 4*z + 7. Let f be r(2). Let p = -856 - f. What are the prime factors of p?
389
Suppose -58711 - 99993 = -13*d. What are the prime factors of d?
2, 7, 109
Suppose -n = 2*w - 2750, 0 = 4*n - 23*w + 25*w - 11006. List the prime factors of n.
2, 43
Let k be (2 + -4)/((2 - 4)/(-2)). What are the prime factors of (-10 - (-11 + -490))/(k/(-6))?
3, 491
Let f(g) = 21*g**2 + 3*g + 16. Let c(i) = 32*i**2 + 5*i + 25. Let v(y) = -5*c(y) + 8*f(y). What are the prime factors of v(5)?
2, 3, 11
Suppose 24*w = 2*w - 69*w + 3051503. What are the prime factors of w?
33533
List the prime factors of (-204 + 65)*((-3 - -5) + -88).
2, 43, 139
Suppose -201*i - 25*i + 12109758 = 0. List the prime factors of i.
3, 53, 337
Suppose 0 = -334*y + 331*y + 6. Suppose -31*b + 29*b = -3*w + 5266, b - 3513 = -y*w. List the prime factors of w.
2, 439
Let a = 143 - 134. Suppose -k + 6*c = a*c - 305, 2*c = -5*k + 1551. List the prime factors of k.
311
Let k(s) = -31*s - 19. Let t = -78 + 75. List the prime factors of k(t).
2, 37
Suppose 4968 = -1966*k + 1974*k. List the prime factors of k.
3, 23
Let c = -102 + 104. Suppose -5*o + 2000 = c*s - s, 0 = 2*o + 2*s - 808. List the prime factors of o.
3, 7, 19
Suppose 0 = h + 31*k - 33*k - 652, 0 = -3*h - 5*k + 1934. What are the prime factors of h + -2 + 4 + -10?
2, 5
Suppose -235*h + 292*h - 49191 = 0. List the prime factors of h.
863
Let z = 131 - 129. Suppose -z*w = 3*b - 782, -3*b + 783 = 3*w - 0*w. What are the prime factors of b?
2, 5, 13
Suppose -6*l + 7*l + 13731 = 3*h, 10*h = 4*l + 45774. List the prime factors of h.
3, 5, 61
Let s(h) = 447*h + 1014. List the prime factors of s(41).
3, 7, 307
Let w(r) = 28*r**2 + 179*r + 8. What are the prime factors of w(-8)?
2, 23
Suppose h = 4*h + 39. Let c = h + 13. Suppose 146 = 2*f - 5*g, 4*f - f - 4*g - 205 = c. What are the prime factors of f?
3, 7
Let y be 3 + 58/(-18) - 708/(-27). Suppose -g + 1114 = y*o - 29*o, -3310 = -3*g + o. What are the prime factors of g?
2, 19, 29
Let a(c) = 65*c**2 - 21*c - 90. Let j be a(-4). Suppose -4*n - j = -b, 5*b - 8040 + 2782 = -2*n. List the prime factors of b.
2, 3, 5, 7
Let d = -6 + 11. Suppose -6*w + 17 = d. Suppose 4*c + 2*q = -c + 85, w*q - 51 = -3*c. List the prime factors of c.
17
Suppose -8*l = -6*l + 432. Let m = l + 1083. What are the prime factors of m?
3, 17
Let k be 4*(-6)/(-10)*(-40)/(-6). Suppose 2*i - k = i. Suppose 4*f = 3*w - 2*w - 230, -4*f + i = 0. List the prime factors of w.
2, 3, 41
Let a = 34 + -34. Suppose a = -6*q + q. Suppose w = -q*w + 79. What are the prime factors of w?
79
Let f(k) be the third derivative of -4*k**4 - 47*k**3/6 - 34*k**2 + 5. List the prime factors of f(-8).
7, 103
Suppose -2*k - v = 8 + 7, -2*v - 37 = 5*k. List the prime factors of 52/364 + (-2386)/k.
11, 31
Let n(g) = -7*g + 98. Let s be n(14). Suppose -3772 = -5*o + m, -4*o + 0*m - 4*m + 3008 = s. List the prime factors of o.
2, 13, 29
Suppose 0 = 9*l + 285 - 303. Suppose 0 = l*w - 5*b - 107 - 788, -2*b = -4*w + 1830. What are the prime factors of w?
2, 5, 23
Suppose 3 = 13*o + 29. List the prime factors of ((-27097)/(-98))/(o/(-4)).
7, 79
Let f(s) = 41*s**2 - 53*s + 211. List the prime factors of f(23).
20681
Suppose -754*x = -204*x + 996993 - 12103143. List the prime factors of x.
3, 53, 127
Suppose 7176 = 3*u + 2*r, 5*u - 9634 = 2*r + 2342. List the prime factors of (u/(-27))/((-2)/6).
2, 7, 19
Suppose 4*i - 4*u = -i + 1889, 2*i = 5*u + 742. Suppose 0 = 4*c - q - 2073, -c + 3*q + 129 = -i. List the prime factors of c.
3, 173
Suppose -6*m + 11*m - 25 = 0, -8293 = -d - 2*m. What are the prime factors of d?
3, 11, 251
Suppose -6*f = 8*f - 6342. Suppose y - 3*i = f, -2*y - 3*i - i = -926. What are the prime factors of y?
3, 17
Suppose -7*q - 39425 = -12*q + 5*d, -4*q - 3*d + 31498 = 0. List the prime factors of q.
7879
Let j = -1167 + 330. Let a = j - -1217. What are the prime factors of a?
2, 5, 19
Let f(o) = -1168*o + 25. Let t be f(-4). Suppose t + 301 = 17*s. List the prime factors of s.
2, 3, 7
Let r be 8/44 + 138/(-33). Let c(l) be the second derivative of -l**5/20 + l**4/6 - 2*l**3/3 - l**2 - 90*l. List the prime factors of c(r).
2, 5, 11
Let i(k) = k**3 - 14*k**2 - 8*k - 35. Let u(x) = x + 15. Let b be u(0). Let c be i(b). Suppose -5*d + 6*d = c. What are the prime factors of d?
2, 5, 7
Suppose 0 = 85*f - 84*f - 74. Suppose f*k - 73*k = 143. What are the prime factors of k?
11, 13
Let d be 6 + ((-3)/(-2) - 4/(-8)). Suppose -28*y = -d*y - 3260. What are the prime factors of y?
163
Let q(f) = -2*f**3 + 15*f**2 - 13*f + 2. Let v be q(7). List the prime factors of v/(-80)*88/2.
2, 11
Let w = 748 - 752. What are the prime factors of 1007 + w*(-2 - -4)?
3, 37
Let w(u) = 3*u**3 - 25*u**2 + 8*u + 3. Let j be w(8). Suppose 6786 = 21*q - j*q. What are the prime factors of q?
13, 29
Suppose 0 = -3*f - 0*c - c + 29, 9 = -2*f + 5*c. Let s be (-15)/(-6) - (-4)/f. Suppose -s*y + 275 - 38 = 0. What are the prime factors of y?
79
Suppose 3*g - 5*g = 4*m - 24, 5*g - 10 = 0. Let o = -412 - -657. Suppose m*s - 220 = o. List the prime factors of s.
3, 31
Let k(x) = 25*x**2 + 4*x + 9. Let a be k(-5). Suppose -a = -8*q - 158. Suppose 0 = -0*d - d + 2*n + q, d + 2*n - 65 = 0. List the prime factors of d.
61
Suppose -5*l = -3*h + 230, 0 = 18*h - 22*h - 5*l + 295. Suppose d - 2279 = -2*b, -h*d = -77*d + 2. What are the prime factors of b?
17, 67
Let b = -59 + 63. List the prime factors of (b - 8)*(-246)/8.
3, 41
Let l be (-1359)/(-3)*(-5 - (-95)/15). Suppose -4*v = 5*z - l, -14 - 2 = -4*z. What are the prime factors of v?
2, 73
Let o(d) = 20*d**2 - 356*d + 75 + 26 - 365*d + 738*d. List the prime factors of o(-5).
2, 3, 43
Let l be ((-156)/20)/(3/15). Let b(i) = -i**3 - 12*i**2 + 14*i - 36. Let a be b(12). What are the prime factors of (-6)/l - (2 + a/26)?
2, 3, 7
What are the prime factors of 4/6 - 133350/(-18)?
31, 239
Let w be (-76)/10 + (-4)/10 + 0. Let i(c) = 8*c**2 + 15*c + 4. Let k be i(w). Suppose 24*l - k = 21*l. What are the prime factors of l?
2, 3, 11
Suppose -90116 - 74784 = -5*i - 5*z, 131930 = 4*i + 2*z. What are the prime factors of i?
3, 5, 733
Let o be (-7)/2*2*4. Let y = 1502 + -1575. Let v = o - y. List the prime factors of v.
3, 5
What are the prime factors of ((9/2)/(-3))/((-676)/3052816)?
2, 3, 1129
Let m(n) = -n + 12. Let d be m(12). Suppose -4*o - r = -478, -5*o + 3*r - 4*r + 598 = d. What are the prime factors of o?
2, 3, 5
Let u be 3 - 4/4*-3629. Suppose -4*n - 5*g + u = 0, 759 + 2837 = 4*n - 4*g. Suppose n = -2*d + 9*d. What are the prime factors of d?
3, 43
Let r be (2/4)/(2/4). Let u(g) be the first derivative of 69*g**3 - g**2 + g + 3538. What are the prime factors of u(r)?
2, 103
Let i = 997 + 204. What are the prime factors of i?
1201
Suppose -4*t - i + 6*i = -261, 2*i - 167 = -3*t. Let g = 117 + t. List the prime factors of g.
2, 11
Let r(s) = -s**2 - 13*s - 12. Let w be r(-12). Suppose w = -35*j + 39*j - 1376. What are the prime factors of j?
2, 43
Let d(g) = -g + 25. Let i be d(-4). Suppose 0 = -23*s + i*s - 1668. Let m = s - 119. List the prime factors of m.
3, 53
Let c(n) = 3*n + 18. Let v be c(16). Let h = 69 - v. Suppose -h = -l, 0*j - 4*j = 4*l - 472. What are the prime factors of j?
5, 23
Let u be ((2 - 3) + 0)*-4. Let k be u*4/(-16)*-5. Suppo